 w(f) = -f**3 + 14*f**2 + 2*f - 19. Suppose p - 4*x - 14 = 0, 2*p - 2*x - 70 = -3*p. Let l be w(p). What is the highest common divisor of l and 6?
3
Let f = 584 - 524. Calculate the highest common factor of f and 75.
15
Let x(l) = -l**2 + 25*l - 22. Let t be x(10). Calculate the greatest common divisor of t and 16.
16
Let a = 251 - -19. Calculate the greatest common factor of 60 and a.
30
Suppose -2*h - 56 = -448. Let m be 4 + (-14)/3 + h/6. What is the greatest common factor of m and 8?
8
Let f be ((-10)/(-4))/((-2)/(-8)). Let d = f + 14. What is the highest common factor of 16 and d?
8
Suppose 2*i - 6*i = -3*b + 66, -4*b - 4*i + 60 = 0. Suppose -b*g + 90 = -13*g. Let z be 4/g - 158/(-18). Calculate the highest common divisor of 63 and z.
9
Suppose 247 - 7 = 5*w. Let t = 439 + -367. What is the greatest common factor of w and t?
24
Suppose 4*w - 3*v - 51 = 0, w - 3 = -4*v - 14. Let p(b) = b + 5. Let r be p(4). Let o be r + -1*4 + 1. What is the highest common divisor of o and w?
3
Suppose x = 4*y - 44 - 39, -2*y - x = -43. Let n be ((-2)/(-3))/((-36)/(-10206)). Calculate the greatest common divisor of n and y.
21
Let j be (-3)/2*(6 - 2). Let x = j + 30. Calculate the highest common factor of x and 16.
8
Suppose a + w + 20 = 4*a, 4*w - 16 = 0. Let x be -1 + 2 + (-6)/2. Let k be -2 - (0 + x)*11. What is the highest common divisor of a and k?
4
Let l(w) = 2*w**2 + 140*w - 1038. Let x be l(7). Calculate the greatest common factor of x and 70.
10
Let m(d) = -d**2 + 6*d + 13. Let c be m(8). Let i be (((-52)/c)/4)/(3/9). What is the greatest common divisor of i and 91?
13
Suppose 2*y - 12 = -0*y - 2*p, 5*y + 3*p = 24. Suppose 0 = 5*q + y - 13. What is the greatest common factor of 8 and q?
2
Let n be -1*((-6 - -4) + 40). Let j be n/(-6)*9 - (-2)/(-2). Calculate the highest common factor of j and 14.
14
Let a = 382 - 337. Calculate the greatest common factor of 9 and a.
9
Let w be 2/7 - (-246)/21. Let a(j) = -j**2 - 26*j - 12. Let c be a(-24). Calculate the highest common divisor of w and c.
12
Let h = -21 - -23. Suppose -j - 1 = 0, 0 = h*n + n + 2*j - 4. What is the greatest common factor of n and 22?
2
Suppose -9*y = -505 - 476. Calculate the greatest common divisor of y and 1.
1
Suppose -15*s + 150 = -570. What is the highest common factor of s and 42?
6
Let l(g) = g**3 + 5*g**2 - g - 16. Let f be l(-3). What is the highest common factor of f and 32?
1
Suppose -75 = -w + 5*t, -5*w + 395 = -2*t - 3*t. Calculate the highest common divisor of w and 10.
10
Let j = 17 - 11. Suppose 0 = -4*n + 8 + 8. Let b be 14/n + (-4)/(-8). What is the greatest common factor of b and j?
2
Suppose 4*s - 175 = -3*q, -2*s + q = -4*q - 107. What is the highest common factor of s and 1012?
46
Let t be ((-18)/4)/((-3)/(-912)*-6). What is the highest common factor of t and 12?
12
Let d = 262 + -162. Suppose 5*k = 70 + d. Suppose 21 = 5*v - k. Calculate the highest common divisor of 11 and v.
11
Suppose -89*x = -91*x + 66. Calculate the greatest common factor of x and 11.
11
Suppose 8*w - 10 = 3*w. Suppose -4*r - r + 1 = -4*k, w*r - 3*k = -1. Calculate the greatest common factor of 7 and r.
1
Suppose 0 = 3*p + 5*b - 243, 4*p - 5*p + 70 = -2*b. Let a = -49 + p. What is the greatest common factor of 9 and a?
9
Suppose 0 = -3*t + 3, -5*t + 0*t - 19 = -2*p. Suppose 2*a - p = 16. What is the highest common factor of a and 56?
14
Let w = 15 + -15. Suppose -9 = -o - w*o. What is the highest common factor of o and 99?
9
Suppose -2*s - 521 = -3*t, 5*t - 877 = 17*s - 18*s. Calculate the greatest common factor of 70 and t.
35
Let l be ((1120/(-25))/7)/(4/(-10)). Let n be l/(-24)*(2 - 83). What is the highest common divisor of 12 and n?
6
Suppose -156*c + 128*c + 28 = 0. Calculate the highest common factor of 4 and c.
1
Let f = -19 + 23. Suppose -2*h + 11 = -3*h. Let g = f - h. What is the greatest common factor of 5 and g?
5
Let c = -243 - -340. Let z = -85 + c. Calculate the highest common factor of z and 48.
12
Let k be (-150)/35 - 6/(-21) - -20. Calculate the greatest common divisor of 296 and k.
8
Let c = -124 - -347. Let r = 377 - c. Calculate the greatest common factor of r and 14.
14
Suppose 0 = -6*x + 10*x - 12. Let t(r) = 8*r - 17. Let i be t(4). What is the highest common divisor of x and i?
3
Let f be ((6 - 2) + 11)*-1. Let z be (-60)/16 - f/20. Let d(a) = -2*a - 3. Let y be d(z). Calculate the greatest common factor of 2 and y.
1
Let d be (-788)/(-14) - 32/112. Suppose -v - 14 = -2*v - 4*u, 3*u + d = 4*v. Calculate the highest common divisor of v and 35.
7
Let n(p) = 9*p**2 + 3*p - 1. Let h be n(2). Let l be 2/(2 - 0) + h. Let a = 57 + -51. Calculate the highest common factor of l and a.
6
Let d(r) = r**3 - 3*r**2 - 3*r + 6. Let m be d(4). What is the greatest common factor of 4 and m?
2
Let k(c) = c + 22. Let h be k(-8). Let t be (-225)/(-35) + (-195)/(-35) + -5. What is the highest common divisor of t and h?
7
Let q = 14 - -41. What is the highest common divisor of q and 22?
11
Let i be (-1)/(2 + 23/(-11)). Suppose -i + 2 = -n. Calculate the greatest common factor of 27 and n.
9
Suppose 5*d + 648 = 2*u - 0*d, 5*u - 1597 = d. Calculate the greatest common divisor of u and 29.
29
Suppose 3*j - 2*j = -3. Let v be 1*4 + (-18)/j. Calculate the greatest common divisor of v and 40.
10
Suppose 168 = 5*z + 11*q - 15*q, 126 = 4*z + q. What is the greatest common factor of z and 96?
32
Let r(t) = 3*t**2 + t - 22. Let o be r(3). Let x be 16/(-10)*125/(-10). Calculate the greatest common divisor of x and o.
4
Let r(i) = -8*i + 71. Let d be r(-23). Calculate the highest common divisor of d and 15.
15
Suppose -5*f + 1 = -14, k - 4 = 2*f. What is the highest common divisor of 790 and k?
10
Let t(r) = -r**2 + 11*r. Let q be t(10). Let j(h) = -4 - 21*h - h**3 + 7*h + 12*h**2 + 2. Let s be j(q). What is the highest common factor of s and 29?
29
Let n(o) = 8*o - 1. Let c be n(-1). Let a be (-14)/(((-4)/c)/(-2)). What is the greatest common divisor of 9 and a?
9
Suppose 273 = 5*m + 73. What is the highest common factor of m and 64?
8
Suppose 20 + 46 = 5*x + 3*t, 4*t + 12 = 0. What is the highest common factor of 165 and x?
15
Suppose 2*c + 47 - 137 = 0. What is the greatest common divisor of c and 225?
45
Let b(w) = -395*w - 6541. Let s be b(-17). Let p be (12/(-14))/(1/(-7)). What is the highest common factor of p and s?
6
Let u = 890 - 599. Let j = -191 + u. Calculate the greatest common divisor of j and 20.
20
Let k be (-3*(-2)/(-15))/(9/(-11475)). What is the highest common factor of k and 204?
102
Suppose 6*l = 3*z + l - 718, -5*z = 4*l - 1135. What is the highest common factor of z and 84?
21
Let y = -505 + 511. What is the greatest common factor of 30 and y?
6
Let n be 18/(-6) - (-217 - 6). Let g be (-3)/(-6) - (-156)/8. What is the highest common divisor of g and n?
20
Let a be (-22)/88 - 793/(-4). Let w = 59 - 41. What is the greatest common factor of a and w?
18
Let g be -5*(-5)/100 - 54/(-8). Let t(h) = h**2 + 4*h - 10. Let v be t(-9). Calculate the greatest common factor of v and g.
7
Suppose 5*j - 16 = 3*j. Suppose -703*t + 713*t = 80. Calculate the greatest common factor of j and t.
8
Suppose 2*m = -8, -2*n + 2*m + m = -572. Calculate the highest common factor of 392 and n.
56
Let x(n) = -2*n**2 - 12*n - 8. Let w be x(-5). Suppose 5*g + 20 = 0, v = -v + w*g + 10. Calculate the greatest common divisor of 2 and v.
1
Let a(i) = 4*i + 94. Let l be a(-10). Calculate the greatest common factor of l and 126.
18
Suppose -5*b - 4*i = -672, 538 = 4*b - 46*i + 49*i. What is the greatest common divisor of 56 and b?
8
Let n be (2*-4)/(5 - (-77)/(-14)). What is the greatest common divisor of 400 and n?
16
Let k = -36 + 57. Suppose -2 = -2*i - 344*z + 348*z, 5*i = 3*z + 26. Calculate the greatest common divisor of i and k.
7
Let m be 44/(-88) - 82/(-4). What is the greatest common divisor of m and 30?
10
Suppose -3*z + 4*a - 68 = -0*z, 0 = 2*z - a + 52. Let o = z - -42. What is the highest common divisor of 154 and o?
14
Suppose -14 - 80 = 2*t. Let x = -39 - t. Let k = 12 - 4. What is the greatest common divisor of k and x?
8
Let i be (-51)/2*16/(-3). Suppose 0 + 0 = 5*d. Suppose d = -0*f + 5*f - 85. Calculate the highest common divisor of i and f.
17
Let w = 6 + -3. Suppose 4*y + 32 = 2*